digit of m?
1
Let w = 1415 + -343. Let h = 1879 - w. What is the units digit of h?
7
Suppose 5887 = 5*o - 4*o - 4*j, -5*o = -j - 29492. What is the units digit of o?
9
Suppose 3*w + 84 = 6*m - 9*m, 3*m = 2*w + 51. What is the tens digit of (-15)/10*2412/w?
3
Let j = 438 - 886. Let w = 152 - j. What is the tens digit of w?
0
Let h be (-33)/(-15)*28*(-435)/(-6). Let f be h/12 - 1/6. What is the tens digit of (f/15)/(-2)*-2*5?
2
What is the tens digit of (9 - -8048 - 5)/(-7 - -9)?
2
What is the tens digit of (2/(-4))/((-308)/2407867)*8?
7
Let c(v) = -v**3 - 14*v**2 - 72*v - 8. What is the hundreds digit of c(-22)?
4
What is the tens digit of (6/(-14) - 18/56)/((-387)/34805748)?
5
Suppose 5*r + q = 339569, 3*r = 5952*q - 5957*q + 203759. What is the ten thousands digit of r?
6
Suppose k + 57966 = 5*t, 5*t + 4*k - 67980 = -10044. What is the ten thousands digit of t?
1
Let w = 242 - 167. Suppose -97*z - w = -98*z. What is the units digit of z?
5
Let k = -26 + 41. Suppose -10*t = -k*t. Suppose b + 3*n - 99 = t, 0 = 5*b - 4*n + 2*n - 546. What is the hundreds digit of b?
1
Let h be (8/(-4))/(4/(-788)). Let k = -159 + h. What is the units digit of k?
5
Let z(c) = -c + 2. Let x be z(-6). Let b(i) be the third derivative of -i**6/120 + i**5/5 - i**4/3 + 17*i**3/6 + 82*i**2 + 4. What is the units digit of b(x)?
9
Let i = -129 - -128. Let t be (i - 589)*12/(-20). Suppose -t = 30*c - 33*c. What is the tens digit of c?
1
Suppose -3*i = -4*a - 1171, 3*a - 792 = -i - i. What is the units digit of ((-1)/3 - 3/(-9)) + i?
3
Suppose 0 = -3*n - 280 - 14. Let i = n - -400. What is the tens digit of i?
0
Suppose 3*r + q - 412 = 311, 0 = 3*r - 2*q - 732. Let z = r - -672. What is the tens digit of z?
1
Suppose 4*j + j + 14 = 2*l, 3*j = l - 8. What is the tens digit of 3554/14 + 3 + j/(-14)?
5
Let s(g) be the third derivative of -g**6/120 + g**5/10 + g**4/12 - 3*g**3/2 + g**2. Let d be s(6). Suppose 744 = 3*q + d*q. What is the tens digit of q?
2
Let w(h) = -h**3 - h**2 + 25*h - 1. Let p be w(-6). Let f = 131 + -43. Let v = f - p. What is the units digit of v?
9
Let z = -3308 - -7314. What is the thousands digit of z?
4
Let x(g) = -6*g**3 + 3*g**2 + 19*g + 10. Let i be x(-5). Suppose 0 = 5*q + a - 1896, 5*a - i = -q - q. What is the hundreds digit of q?
3
Suppose 327*a = 332*a + 25. What is the tens digit of 0 + a + 3 - -63?
6
Suppose -3 = m, -24 = 3*r - 6*r + 5*m. Suppose -c + 197 = 3*u - 128, 4*c = r*u + 1270. What is the hundreds digit of c?
3
Let q(m) = 69*m**2 + 7*m + 524. What is the tens digit of q(25)?
2
Let m(i) = 264*i**3 + 3*i**2 - 15*i + 44. What is the hundreds digit of m(3)?
1
What is the hundreds digit of 1*6 + (6918/6 - -14)?
1
Suppose 34860 - 102784 = -4*x. What is the thousands digit of x?
6
Suppose -16*z - 96 = -304. What is the hundreds digit of -1 + 11/13 - (-7165)/z?
5
Let h(q) = 94*q - 117. Let g be h(5). Suppose -g*f = -355*f + 228. What is the tens digit of f?
1
Let v = -125432 + 176813. Suppose 0 = -33*t + 6*t + v. What is the hundreds digit of t?
9
Suppose 5*a - q - 2501 = 0, a = -4*q + 2*q + 498. Suppose 2*t + 4*r = a, -5*t = 6*r - 2*r - 1256. Let d = t - 177. What is the tens digit of d?
7
Suppose 2*f - 2*a = 7*f - 6, 2*a - 4 = -4*f. What is the tens digit of 44016/420*5/f?
6
Let f(i) be the third derivative of 77*i**4/8 + i**3 + 13*i**2. Let c be f(2). Suppose 0 = -4*u + c - 56. What is the hundreds digit of u?
1
Let b be 3/(3 + -2 + 0) + 7. Let p(v) = 3*v + 4 - 14 + 6*v. What is the units digit of p(b)?
0
Let o(r) = 35*r - 41. Let x be 21*(40/12 + -4). Let m = -8 - x. What is the hundreds digit of o(m)?
1
What is the tens digit of 1312/112 - 12 - 11621*6/(-21)?
2
Suppose -10*c + 1478 = -1502. Let i = 453 - c. Let t = 304 - i. What is the units digit of t?
9
Suppose 4*w - 19*n + 22*n = 15000, 4*w = -2*n + 15004. What is the tens digit of w?
5
Let r(w) = -8382*w**3 - 15*w**2 - 13*w + 2. What is the units digit of r(-1)?
2
Let u be 14/1 + (4 - 7). Let c(w) = -12*w + 9*w - 3 + u + w**2. What is the units digit of c(9)?
2
Suppose -2*m + 7 = -5. Let x(r) = -15*r**2 + 6*r - 37. Let o(g) = -42*g**2 + 17*g - 111. Let d(t) = -4*o(t) + 11*x(t). What is the tens digit of d(m)?
3
What is the hundreds digit of 9 + -3 + 6839 - 14?
8
Let c(j) = -294*j**3 + 33*j**2 + 85*j - 2. What is the hundreds digit of c(-3)?
9
What is the units digit of (1 - 0/(-3)) + (-18240)/(-12)?
1
Let c(n) = 168*n**3 - 8*n**2 + 19*n - 24. What is the units digit of c(3)?
7
Let x(z) = -2*z + 39. Let a be x(17). Suppose 4*q = -0*h + h - 5, -3*h = -2*q - a. What is the hundreds digit of h - (-5 - (157 + -3))?
1
Suppose 3*h = -6*h + 18. Suppose -h*n + 239 = 33. What is the units digit of n?
3
Let y(i) = -2*i**2 + 3*i + 9. Suppose -5*k + 5*q = -0*q - 45, 40 = 5*k - 4*q. Let c be y(k). What is the hundreds digit of c/((12/150)/((-4)/5))?
1
Let u be (-2)/(-7) - (-1 - (-200)/(-35)). Let q be 2 - (-40)/(-18) - u/9. Let y = q - -72. What is the units digit of y?
1
Let o(y) = -2*y**3 + 5*y**2 - 8*y + 8. Let z(l) = -l**3 + 2*l**2 - 4*l + 4. Let b(k) = -2*o(k) + 5*z(k). What is the tens digit of b(-3)?
4
Suppose -8*v - 8 = -5*v + 4*r, -5*r - 25 = 0. What is the units digit of v/(-6) + -33*(-49)/63?
5
Let b(m) = -287*m**3 - 2*m**2. Let g be b(-1). Suppose h + 102 = g. Suppose -h = -4*n - 51. What is the tens digit of n?
3
Let j(c) = 2*c**2 - 10*c + 136. Let v = 532 - 525. What is the tens digit of j(v)?
6
Let s(f) = f**3 - 5*f**2 + 6*f - 7. Let q be s(4). Let o be (q/(-3))/(9/(-81)) - -175. Let i = o + -51. What is the units digit of i?
7
Suppose -5*a + 913 = -2*m, -a + m = -3*m - 179. Suppose 2*s + 261 + a = l, 4 = -4*s. What is the tens digit of l?
4
Suppose 24 = -x + 4*p, -3*p - 1 - 25 = 2*x. What is the tens digit of 728/39*(-60)/x?
7
Let n = -791 - 62. Let o = -475 - n. What is the units digit of o?
8
Let o be (12/3 + 0)/((-1)/(-10)). Let k = o + -40. Suppose k = m - 5*r - 53, -2*r + 163 = 5*m - 210. What is the tens digit of m?
7
Suppose -3*g + 38667 = 4*t, 3*t + 33*g - 28*g - 28992 = 0. What is the thousands digit of t?
9
Suppose 247*n - 126 = 238*n. Suppose -360 = -19*b + n*b. What is the units digit of b?
2
Suppose -101*n + 94*n = -157857. Suppose -33*t + n + 3882 = 0. What is the units digit of t?
1
Suppose -6161 = -8*c + 61191. What is the tens digit of c?
1
Suppose -10*l - 1079 - 161 = 0. Let m = 399 - l. What is the units digit of m?
3
What is the units digit of 885983/(-46)*(-2)/7?
3
Let m be (-7)/(-4) + -7*1/(-28). Suppose 0 = -m*l - 5*c + 1327, 0 = -5*c - 10 + 15. What is the tens digit of l?
6
Let c(i) = 41*i**3 + 5*i**2 - 39*i + 33. What is the thousands digit of c(4)?
2
Let n(j) = 10*j - 2. Let m be n(1). Suppose 0 = m*x - 28 - 12. What is the tens digit of (-1185)/(-25) + (-1)/(x/2)?
4
Let q(a) be the first derivative of -7*a**4/4 + 2*a**3 + 3*a**2 + 4*a + 334. What is the units digit of q(-6)?
6
Let l = 376 - 181. Suppose -5*c + 55 = l. What is the units digit of ((-287)/c)/((-1)/(-12)*3)?
1
Let w(v) = -v**3 - 72*v**2 - 7*v - 400. What is the units digit of w(-73)?
0
Suppose 2*p + 2*q + 5 = 5*q, -4*p = q + 3. Let d be (-3 + 4)*(-689)/p. Suppose -5*i = 4*o - d, -4*o - 3*i - 99 + 778 = 0. What is the tens digit of o?
6
Suppose -7*p + 28 = -3*p - d, 5*p + 4*d = 56. What is the tens digit of 3/p - 9936/(-128)?
7
Suppose 2*s = 3*w - 128830, -3*w + 5*s + 64495 + 64323 = 0. What is the thousands digit of w?
2
What is the thousands digit of -16 + 8568 - (-15 - -17)?
8
Suppose -s + 3*s - 5*x = -1, 4*s + 2*x = -38. Let l = 686 + -684. What is the tens digit of 0*(l - -2)/s - -108?
0
What is the thousands digit of (-485952)/(-210) + (-68)/1190?
2
Let y(b) = 120*b**2 - 9*b - 59. What is the hundreds digit of y(5)?
8
Suppose -11*c = -2*c - 3258. Let m = 590 - c. What is the units digit of m?
8
Suppose w = 5, -3*k + 12295 = -w - 14751. What is the tens digit of k?
1
Let t = 40803 - 28678. What is the thousands digit of t?
2
Let p be (18/24)/((-1)/(-48)). Suppose y - 4*u = 150, 3*u - 79 = -y + p. Suppose 4*f - 182 = y. What is the units digit of f?
8
Let n(o) = -o + 4. Let v(f) = 2*f - 5. Let m(w) = -3*n(w) - 2*v(w). Let j be m(-6). What is the units digit of (20/6)/(-5*j/(-390))?
5
Let b be (2/(-4))/((-4)/16). Suppose 5*j = 3*i + 582, 0 = j - i - 3*i - 113. What is the units digi